2 + c*v**2. Determine m(-4).
6
Let i(s) = s**3 + 5*s**2 - s + 23. Let q be i(-6). Let b(z) = z**3 + 8*z**2 + 10*z. Determine b(q).
-21
Let c(i) be the third derivative of -i**4/24 + 5*i**3/6 - i**2. Let p = 10 - 6. Calculate c(p).
1
Let c(v) = 2*v**2 + 2*v. Let q(a) = 14*a**2 + 20*a - 7. Let r(d) = 5*d**2 + 7*d - 2. Let u(j) = -2*q(j) + 7*r(j). Let x(i) = 18*c(i) - 4*u(i). Determine x(1).
8
Let d(i) = -i**3 + 5*i**2 - 4*i + 1. Suppose 5*m + 123 = 3. Let x be 4/3*m/(-8). What is d(x)?
1
Let s be -4*1*(-2)/4. Let r(f) = -11*f**3 + 11*f**2 - 5*f - 2. Let z(d) = 7*d**3 - 7*d**2 + 3*d + 1. Let p(c) = 5*r(c) + 8*z(c). Give p(s).
0
Let o(q) = 2*q**2 - 2*q - 1. Let l = 18 - 16. Give o(l).
3
Let k(q) = 23*q - 4*q + 6 - 16*q. Give k(-9).
-21
Let k be 2/2 - 4/(-4). Suppose -c = -k*f + 3*f + 7, 3*c = 2*f - 6. Let b(r) = -r**2 - 4*r + 5. Calculate b(c).
5
Let a(p) = p**2 - 4. Suppose 3*z = 4*y + y + 17, 12 = 4*z + 4*y. Determine a(z).
12
Let m(c) be the first derivative of -c**4/4 - 7*c**3/3 - 3*c**2 - 3*c + 4. Let w be 2/(-6) + (-153)/27. Determine m(w).
-3
Let q(a) be the third derivative of -a**5/60 + 3*a**4/8 + a**3/3 + 26*a**2. What is q(6)?
20
Let q(f) be the third derivative of -f**4/24 - 2*f**3 - 22*f**2. Let y(d) = d**3 - 5*d**2 - 7*d + 6. Let i be y(6). Calculate q(i).
-12
Let q(s) = 13*s**2 - s - 1. Let i be q(-1). Let d = -7 + i. Let o(a) = -a - 5*a + d + 0*a + a**2. Give o(5).
1
Let t(i) = 3*i - 11. Let f be t(4). Let g(h) be the third derivative of -h**5/30 - h**3/6 - 2*h**2. Determine g(f).
-3
Let u(p) = 19*p**3 + 4*p - 1. Let s(f) = -37*f**3 - 7*f + 2. Let x(n) = 6*s(n) + 11*u(n). Determine x(-1).
12
Let u be (8/(-14))/((-20)/(-70)). Let i(y) = 3*y**2 + 3*y + 1. Determine i(u).
7
Let g be (1/(-1) - 3) + 2. Let n(r) be the second derivative of 4*r**3/3 + 3*r**2/2 + 11*r. Give n(g).
-13
Let w be (-7)/((-7)/(-8)) - -3. Let o(n) = -n**3 - 6*n**2 - 6*n - 4. Calculate o(w).
1
Let l(v) = -v**2 + 5*v + 4. Suppose m + 12 = 2*m. Suppose -2*w - w + m = 0. Calculate l(w).
8
Let q(o) = -3 + 1 - 2 + 2*o. Let g(s) = s**3 + 5*s**2 - 7*s - 1. Let h be g(-6). Suppose -2*v = v - 2*m - 10, -h*v = m - 21. Determine q(v).
4
Suppose 4*b + 74 - 14 = 2*z, -105 = -4*z + 5*b. Let y(q) = -q - 8 - 14 + z. Determine y(2).
-4
Let x(h) = h + 3. Let y be x(-7). Let u(w) = -2*w - 8. Let n be u(y). Let p(t) = -t**3 - t + 2. Give p(n).
2
Let x(i) be the third derivative of 0 + 0*i + 0*i**3 + 1/60*i**5 - 5*i**2 - 1/24*i**4. Let g = 7 - 4. Calculate x(g).
6
Let o(v) = -3*v - 2. Suppose 0 = -3*j + 2*j + 1. Let w be j - 1 - (-8)/(-2). Determine o(w).
10
Let c(y) be the first derivative of -y**4/4 - 2*y**3 + y**2 + 7*y + 7. What is c(-6)?
-5
Suppose -j = j + 10. Let d(t) be the first derivative of -t**3/3 - 3*t**2/2 + 5*t + 4. Calculate d(j).
-5
Let t(y) be the second derivative of 2/3*y**3 - 3*y + 0 + 3/2*y**2. Calculate t(-4).
-13
Let i(q) = 20*q**2 - 12*q - 6. Let r(x) = -7*x**2 + 4*x + 2. Let y(a) = 6*i(a) + 17*r(a). Give y(5).
3
Let m(f) = 2*f**2 + 6*f. Let g be m(-4). Let y(l) = 5*l**3 + 15*l**2 - 14. Let a(s) = 3*s**3 + 10*s**2 - 9. Let r(z) = g*a(z) - 5*y(z). Calculate r(5).
-2
Let b(y) be the third derivative of -y**5/60 + 11*y**4/24 - 3*y**3/2 + 2*y**2 - 33*y. What is b(9)?
9
Let i(s) be the second derivative of -s**5/20 + s**4/12 - s**3/6 + 3*s**2/2 - 3*s. Let o = 4 - 4. What is i(o)?
3
Let l(p) = -3*p**3 - 9*p**2 + p - 3. Let y(f) = -8*f**3 - 26*f**2 + 4*f - 9. Let g(m) = -11*l(m) + 4*y(m). Let w = 83 + -79. Calculate g(w).
1
Suppose 2 - 4 = -q. Let x be (-9 - -3)/(-6)*0. Let p(l) = 4*l + 3 + x*l**3 - 2*l**3 - q*l**3 + 3*l**3 + l**2. Give p(-2).
7
Let p(c) = -c**3 + 5*c**2 + 5*c + 1. Let y = -9 - -15. Give p(y).
-5
Suppose -16*u = -17*u - 5. Let q(t) be the second derivative of -t**4/12 - 5*t**3/6 + t**2/2 + 2*t. Calculate q(u).
1
Let o(w) = w**2 + 5*w + 3. Suppose 33 = -7*j + 5. Determine o(j).
-1
Let z(f) = -f + 0*f**2 + 0*f + 1 - 5*f - f**2. What is z(-6)?
1
Let o(t) = -5*t + 0 - 10 + 7 + t**2. Determine o(4).
-7
Let u be ((-2)/2 - 4)*1. Let c(a) = a**2 + 3*a - 6. Determine c(u).
4
Let j be (-3)/((-45)/(-6))*5. Let f(z) = -z**2 - 3*z - 1. Let c be f(j). Suppose 0 = k - 0*k - c. Let i(n) = 7*n - 1. Calculate i(k).
6
Let a = -11 - -12. Let z(p) = -4*p + 2 - 2*p - p**2 - 9 - a. Calculate z(-6).
-8
Let z(j) = j**3 - j + 1. Let m(i) = 2*i**3 - 5*i**2 + 2*i + 3. Let d(y) = m(y) - 3*z(y). Calculate d(-6).
6
Let y(s) = -s + 1. Suppose 2*d - 10 = -2. Suppose 3*i - d*o - o = 5, 1 = 3*i - o. Suppose 0 = -i*l - l + 4. Give y(l).
-3
Let u(p) = 4*p - 10. Let c(z) = -9*z + 21. Let d(b) = 3*c(b) + 7*u(b). Let w(m) = m**2 - 2*m + 2. Let a be w(2). Suppose a*n - 18 = -6. What is d(n)?
-1
Let c be ((-20)/(-15))/((-2)/6). Let r(x) = -x**3 + x**2 - x + 1. Let h(a) = 3*a**3 - 7*a**2 + 8*a + 1. Let m(z) = -h(z) - 4*r(z). Give m(c).
-5
Let c = 0 - 2. Let t(d) = -2*d**2 - 4*d - 2. Calculate t(c).
-2
Let s(o) be the second derivative of -o**7/840 + o**6/120 + o**5/60 + o**4/6 + o**3/6 + 4*o. Let b(n) be the second derivative of s(n). Give b(4).
-4
Let x(c) = -9*c**3 + 8*c**2 + 9*c + 4. Let t(n) = 4*n**3 - 4*n**2 - 4*n - 2. Let z(b) = 7*t(b) + 3*x(b). Calculate z(4).
-6
Let q(w) be the second derivative of -w**4/12 - w**3/6 + w**2 - 5*w. Calculate q(-5).
-18
Let q(v) = 2*v**2 - 2*v. Let f(p) = 3*p**2 - 2*p + 1. Let n = -4 + 5. Let j be f(n). What is q(j)?
4
Let n be (2 - (-14)/(-6))/(28/(-420)). Let i(q) = -16*q + 21. Let h(b) = 3*b - 4. Let s(w) = 22*h(w) + 4*i(w). Determine s(n).
6
Suppose -p = 3*p + 12. Let g = 9 + p. Let o be 2*-1 + 0 + g. Let a(t) = -t**3 + 4*t**2 + 2*t - 2. Give a(o).
6
Let f(z) = -z**2 + 2*z - 2. Let r(q) = q**2 - q. Let j(h) = f(h) + 2*r(h). Determine j(0).
-2
Let u be 3/2*(-8)/(-3). Let k(o) be the first derivative of 3*o**2/2 - 6*o - 9. What is k(u)?
6
Let b(p) = -3*p**3 + 8*p**2 + 12*p + 14. Let o(m) = 13*m**3 - 31*m**2 - 49*m - 57. Let k(u) = -9*b(u) - 2*o(u). Let z be k(11). Let s(y) = -3*y + 1. Give s(z).
4
Let g be 8/10*(-70)/(-4). Let o = g - 9. Let a(v) = -v**2 + 7*v - 6. Calculate a(o).
4
Let a(d) = -11 - 3*d + 7 + 0*d. Let n(w) = w**2 - 4*w - 3. Suppose -c = 2*c - 12. Let o be n(c). Determine a(o).
5
Let o(m) = -m**3 - 2*m**2 + 3*m - 1. Let w be o(1). Let h(y) = 8*y**2 - y. Determine h(w).
9
Let b(h) = -h - 5. Let y be b(-6). Let i(v) = -y + 1 + 4*v - 5*v. Calculate i(-4).
4
Let q be (-1)/(-5) - (-29)/5. Let o be (1*-3)/(33/(-22)). Let s(c) = -6*c**o - 2 + c**3 + c - 1 - 2. What is s(q)?
1
Let l(y) = -y**3 + 13*y**2 - 11*y - 14. Let z = 12 - 0. Let b be l(z). Let o(x) = 2*x**2 + 3*x + 2. Determine o(b).
4
Suppose -268*h + 269*h - 1 = 0. Let q(c) = -7*c - 1. Calculate q(h).
-8
Let b = 4 - 2. Suppose 7*w + 5 = b*w. Let p(g) be the first derivative of -5*g**4/4 - 2*g**3/3 + g + 1. Determine p(w).
4
Let r(o) be the second derivative of -o**5/20 - o**4/12 - 9*o**2 - 43*o. What is r(0)?
-18
Let q = -18 + 20. Let f(m) = -3*m**2 + m. Give f(q).
-10
Let m(o) = -o**3 - 2*o**2 + 3*o + 3. Let v be m(-4). Let c be 5*-1*(-42)/30. Suppose c - v = 4*d. Let z(x) = x**2 + 5*x - 1. Give z(d).
-5
Let o(w) be the second derivative of w**4/12 + 3*w**3/2 + w**2/2 - 39*w. Determine o(-5).
-19
Suppose u - 2*a = -0*u + 2, -a - 10 = u. Let z(w) = -w - 1. Let r(x) = -x - 4. Let s(v) = -r(v) - z(v). Give s(u).
-7
Let l be (50/8)/(-5)*4. Let z(x) = -x - 6. Let m be z(l). Let f be ((-2)/(-4))/(m/(-6)). Let k(a) = -a**3 + a**2 + 3*a + 2. Calculate k(f).
-7
Let a(b) be the third derivative of 0*b + 0 - b**2 - 1/2*b**3 - 1/120*b**6 + 1/30*b**5 + 1/12*b**4. Let q = -5 + 7. Calculate a(q).
1
Let z be (-4 - 22/(-4)) + -1. Let p(i) be the first derivative of 2 - 2*i**4 + 0*i**3 + 0*i + z*i**2. Determine p(1).
-7
Let p(n) = -2*n**3 + 3. Let r(y) = -4*y**3 + y**2 + 7. Let l(q) = -5*p(q) + 2*r(q). Calculate l(1).
3
Let k(w) = -w**2 + 7*w - 8. Let b(h) = h**2 + 9*h + 1. Let z be b(-10). Suppose -c - z = -17. Determine k(c).
-2
Let x(c) = 2*c + 2. Let j(i) = 3*i + 3. Let m(p) = -5*j(p) + 8*x(p). Determine m(4).
5
Let c(k) = -3*k - 20. Let a(p) = p + 7. Let u(o) = -11*a(o) - 4*c(o). Give u(-4).
-1
Let k(h) be the first derivative of -h**4/4 + 5*h**3/3 - 2*h + 4. Let p(o) = -o**3 - o**2 - 1. Let g be p(-2). Let a be (-2)/6 + 16/g. What is k(a)?
-2
Suppose -2*g + 10 = 3*i - i, 0 = 3*i - g - 3. Let